03013 (base 5) to base 11.
207185
What is -2bb309 (base 15) in base 11?
-1213944
-145511054 (base 7) to base 9
-20275525
What is 363760 (base 10) in base 3?
200110222121
Convert 3666145 (base 8) to base 14.
1c4513
-1256036 (base 7) to base 4
-220113221
What is 102222220022 (base 3) in base 9?
388808
-6676256 (base 8) to base 15
-258b2a
4326336 (base 8) to base 6
40454450
-103222102 (base 4) to base 12
-3a72a
What is 241544 (base 6) in base 9?
32021
310150134 (base 6) to base 11
3012921
-203121011 (base 6) to base 11
-1a87a5a
1819937 (base 13) to base 6
440104542
What is 58cb (base 16) in base 7?
123162
What is 115195 (base 10) in base 2?
11100000111111011
What is -894575 (base 12) in base 15?
-2d261b
What is 546286a (base 11) in base 16?
9262d9
What is -1000111101011101011 (base 2) in base 12?
-121ab7
What is 52124152 (base 6) in base 12?
606658
-101542 (base 6) to base 11
-6183
What is 33002 (base 13) in base 5?
10423101
What is 3a5382 (base 12) in base 5?
221304101
What is -1404005 (base 7) in base 8?
-553616
What is 80524 (base 12) in base 10?
166636
What is -1023512 (base 7) in base 10?
-123734
Convert 20211100001211 (base 3) to base 11.
2058a89
Convert 2606155 (base 8) to base 3.
1100210020200
What is -10321241 (base 5) in base 13?
-31640
-1c46a (base 16) to base 8
-342152
What is 22210200102 (base 3) in base 5?
21021040
1223418 (base 13) to base 8
25373415
Convert -89762 (base 13) to base 6.
-5203112
Convert 5c47 (base 14) to base 13.
7462
554a54 (base 12) to base 6
45022544
6a4c7 (base 13) to base 6
4054543
What is 8621 (base 12) in base 6?
152041
What is 1364333 (base 11) in base 15?
315bc3
What is -699a0 (base 13) in base 6?
-4044314
-25450655 (base 7) to base 13
-630881
Convert 16327a5 (base 12) to base 16.
455ced
Convert -772a3 (base 11) to base 2.
-11011011000011111
What is -22f63 (base 16) in base 6?
-3022551
What is -265464 (base 8) in base 12?
-45984
What is -769 (base 16) in base 15?
-867
Convert 5991b8 (base 12) to base 5.
332242440
-1020042 (base 6) to base 13
-19574
-1100011010001011110111 (base 2) to base 7
-36435626
What is 2055022 (base 9) in base 2?
100001100011001011000
What is 413305 (base 8) in base 4?
201123011
-1fc84 (base 16) to base 11
-89896
What is -53b509 (base 12) in base 14?
-2673bb
Convert -54ad36 (base 15) to base 11.
-2307423
What is -21202313 (base 5) in base 14?
-49070
-12169 (base 13) to base 6
-413431
-101110100010001011 (base 2) to base 3
-100200110101
What is -6027c6 (base 13) in base 3?
-11012110210010
304111110 (base 5) to base 11
77637a
-1560864 (base 10) to base 4
-11331010200
Convert -22012011100 (base 3) to base 4.
-213113022
106342 (base 7) to base 5
1102132
What is 15522502 (base 9) in base 6?
434041302
Convert -10202100112200 (base 3) to base 2.
-111100111000010111100
What is 4755256 (base 8) in base 11?
809649
Convert -b5a99 (base 13) to base 3.
-121121112002
Convert 24a668 (base 13) to base 3.
1122200222220
Convert -30426001 (base 9) to base 10.
-14602600
What is -23210000 (base 4) in base 11?
-32645
-141300654 (base 7) to base 5
-4330234001
What is 112212212020112 (base 3) in base 11?
4512851
What is -1111101100000100 (base 2) in base 7?
-355230
What is 101111001011100110111 (base 2) in base 16?
179737
What is -236075 (base 8) in base 3?
-11010001102
Convert -100011011010101001 (base 2) to base 8.
-433251
What is 36315514 (base 7) in base 3?
20002011112101
-20112222100 (base 3) to base 4
-133133313
10000001110101010011111 (base 2) to base 5
2042114432
Convert -1010101110111011011 (base 2) to base 12.
-14b64b
What is 1acde7 (base 16) in base 7?
20634264
Convert 43a92 (base 12) to base 11.
61416
What is -223453326 (base 7) in base 10?
-13610064
Convert 5511555 (base 6) to base 14.
71b55
What is 1674 (base 16) in base 14?
2148
-31313212100 (base 4) to base 5
-1412314400
Convert 3448d3 (base 16) to base 11.
1a30434
What is -1a13058 (base 11) in base 5?
-1332311033
-10572260 (base 8) to base 4
-20233102300
-213025252 (base 6) to base 11
-2154181
What is 3cdb0b (base 14) in base 4?
20003230233
What is -77be3 (base 15) in base 10?
-380688
2a57a83 (base 11) to base 5
2320044310
-432336 (base 7) to base 4
-102120123
What is 35bb64 (base 13) in base 10?
1282792
What is -2511781 (base 9) in base 11?
-853380
-5378ed (base 15) to base 8
-17122376
Convert -201d69 (base 14) to base 6.
-35100441
Convert -9325851 (base 10) to base 8.
-43446433
Convert 922a (base 14) to base 7.
133153
What is -42544042 (base 6) in base 11?
-78a186
238113 (base 9) to base 4
203011122
-12122122112202 (base 3) to base 15
-3e53c2
16021b (base 12) to base 16
5b337
Convert -3535021 (base 7) to base 8.
-1546733
-2010101021 (base 4) to base 11
-340048
a0c3 (base 15) to base 4
20102031
40131ba (base 12) to base 15
10b6a97
What is 123234 (base 5) in base 15?
1664
Convert -111101101010000100001100 (base 2) to base 4.
-331222010030
Convert 2b0093 (base 14) to base 13.
405ccc
-1144204222 (base 5) to base 4
-22121122322
-14f3c (base 16) to base 7
-505130
1638c0 (base 15) to base 14
1ddbc2
What is -282326 (base 9) in base 16?
-2a117
Convert 10000110110001000100011 (base 2) to base 13.
bb8050
What is 26267483 (base 9) in base 2?
110001010001101100101110
-17de8c (base 16) to base 4
-11331322030
What is -10221122112 (base 4) in base 5?
-302440243
Convert 1ce4f (base 16) to base 4.
130321033
Convert -3627602 (base 8) to base 14.
-1bc97c
Convert -64050114 (base 7) to base 10.
-5423919
What is a3a36 (base 11) in base 8?
450144
What is -956d27 (base 14) in base 8?
-23212227
What is -401286 (base 9) in base 8?
-717155
-1b21c10 (base 13) to base 5
-4244104032
What is -24114332 (base 5) in base 13?
-7a70c
-1720a89 (base 11) to base 9
-5454467
Convert 1010000000011000 (base 2) to base 14.
10d16
What is -162650 (base 9) in base 7?
-565503
-434231 (base 5) to base 10
-14941
Convert 20504022 (base 6) to base 3.
1010110112112
What is -130231321001 (base 4) in base 7?
-120662345
What is 331573 (base 12) in base 9?
1465726
-159035 (base 13) to base 15
-a82e5
7a952 (base 11) to base 5
12220233
146768 (base 10) to base 14
3b6b6
Convert -1124034 (base 5) to base 16.
-5027
-31032113331 (base 4) to base 6
-202145433
11012212122 (base 3) to base 11
57409
Convert -6c234d (base 14) to base 8.
-16057001
-424891 (base 10) to base 4
-1213232323
Convert 102021220000 (base 3) to base 8.
662070
Convert 1423b (base 15) to base 6.
1215115
What is 919979 (base 10) in base 15?
1328be
Convert -d5c8 (base 16) to base 2.
-1101010111001000
Convert 117750 (base 9) to base 2.
10001011010011101
Convert 12010122220 (base 3) to base 12.
4a5b9
What is 4347a1 (base 11) in base 13?
1b40c1
Convert -4589b4 (base 15) to base 9.
-6218837
-a43063 (base 11) to base 9
-3130100
What is -4d3168 (base 15) in base 6?
-211233425
Convert 134120240 (base 5) to base 7.
5611222
Convert -ddbcf (base 16) to base 6.
-31244451
Convert c2863 (base 13) to base 5.
42123214
-178345 (base 10) to base 11
-111aa2
What is 200001210001 (base 3) in base 10?
355591
What is -4109384 (base 10) in base 5?
-2023000014
-34a2755 (base 13) to base 9
-33527183
Convert -223314 (base 6) to base 9.
-27841
-1032032111 (base 4) to base 9
-537455
What is -21100100211 (base 3) in base 8?
-432337
-10011111110111000111 (base 2) to base 7
-5365004
6113120 (base 9) to base 4
30123003132
What is -21143035 (base 6) in base 7?
-5162021
What is -1000111110110110100011 (base 2) in base 3?
-11102121220020
-346520 (base 7) to base 10
-62342
Convert 2231200320 (base 4) to base 5.
140220322
What is -284112 (base 9) in base 16?
-2a61a
Convert -1021201112100 (base 3) to base 14.
-13b108
-96d0e (base 15) to base 13
-139c2b
210120011 (base 5) to base 14
186acc
Convert -5aa646 (base 11) to base 10.
-965751
101000010000001101001 (base 2) to base 9
2430314
-85b24 (base 13) to base 14
-63d62
-5300505 (base 6) to base 16
-3eb19
What is 110101111101100011101 (base 2) in base 10?
1768221
Convert 12112011021 (base 3) to base 5.
11434421
What is 1101010011101001100 (base 2) in base 15?
892e9
Convert -30530788 (base 9) to base 4.
-313330030202
Convert -493b3 (base 12) to base 13.
-36123
Convert 1116136 (base 7) to base 13.
4b358
1330221 (base 6) to base 4
102003211
What is 4494932 (base 11) in base 13?
182671c
1102123 (base 6) to base 10
54915
-22320